{"id":3440,"date":"2013-06-08T12:08:35","date_gmt":"2013-06-08T12:08:35","guid":{"rendered":"http:\/\/destinocastillayleon.es\/index\/?page_id=3440"},"modified":"2015-06-15T19:53:37","modified_gmt":"2015-06-15T17:53:37","slug":"cruzando-fronteras","status":"publish","type":"page","link":"https:\/\/destinocastillayleon.es\/index\/provincias\/cruzando-fronteras\/","title":{"rendered":"Cruzando fronteras"},"content":{"rendered":"<p>Adem\u00e1s de visitar nuestra tierra, <strong>Castilla y Le\u00f3n<\/strong>, vamos a ir visitando otras regiones pr\u00f3ximas que posean una vinculaci\u00f3n basada en la historia o en la cercana que creemos interesantes como complemento a Castilla y Le\u00f3n.<br \/>\n<br \/>\nEncuentra en este sitio las entradas dedicadas a nuestras experiencias <strong>cruzando las fronteras de Castilla y Le\u00f3n<\/strong>, pero igualmente interesantes.<\/p>\n<p><center><iframe width=\"95%\" height=\"350\" frameborder=\"0\" scrolling=\"no\" marginheight=\"0\" marginwidth=\"0\" src=\"https:\/\/maps.google.com\/maps\/ms?msa=0&#038;msid=213498380692195100094.0004e51326c4ddfb377cd&#038;hl=es&#038;ie=UTF8&#038;t=m&#038;ll=41.112469,-3.515625&#038;spn=6.620975,13.183594&#038;z=6&#038;output=embed\"><\/iframe><br \/>\nPuedes consultar en un mapa m\u00e1s grande todos nuestros destinos de <strong> Cruzando Fronteras<\/strong> pinchando<a href=\"https:\/\/maps.google.com\/maps\/ms?msa=0&#038;msid=213498380692195100094.0004e51326c4ddfb377cd&#038;hl=es&#038;ie=UTF8&#038;t=m&#038;ll=40.010787,-3.735352&#038;spn=8.831731,13.205566&#038;z=6&#038;source=embed\" style=\"color:#ff9900;text-align:left\" target=\"_blank\"> aqu\u00ed<\/a>.<\/center><\/p>\n","protected":false},"excerpt":{"rendered":"<p>Adem\u00e1s de visitar nuestra tierra, Castilla y Le\u00f3n, vamos a ir visitando otras regiones pr\u00f3ximas que posean una vinculaci\u00f3n basada en la historia o en la cercana que creemos interesantes como complemento a Castilla y Le\u00f3n. Encuentra en este sitio las entradas dedicadas a nuestras experiencias cruzando las fronteras de Castilla y Le\u00f3n, pero igualmente interesantes. Puedes consultar en un mapa m\u00e1s grande todos nuestros destinos de Cruzando Fronteras pinchando aqu\u00ed.<\/p>\n","protected":false},"author":9,"featured_media":6485,"parent":658,"menu_order":0,"comment_status":"open","ping_status":"closed","template":"template-homepage.php","meta":{"rop_custom_images_group":[],"rop_custom_messages_group":[],"rop_publish_now":"initial","rop_publish_now_accounts":{"twitter_1150954226_1150954226":""},"rop_publish_now_history":[],"rop_publish_now_status":"pending","footnotes":""},"class_list":["post-3440","page","type-page","status-publish","has-post-thumbnail","hentry"],"yoast_head":"<!-- This site is optimized with the Yoast SEO Premium plugin v20.4 (Yoast SEO v27.4) - https:\/\/yoast.com\/product\/yoast-seo-premium-wordpress\/ -->\n<title>Cruzando fronteras, tambi\u00e9n hacemos turismo fuera de nuestra regi\u00f3n<\/title>\n<meta name=\"description\" content=\"Acompa\u00f1anos a hacer turismo por otras regiones, cruzando fronteras y descubriendo otras experiencias s\u00faper interesantes a vivir. \u00bfTe vienes?\" \/>\n<meta name=\"robots\" content=\"index, follow, max-snippet:-1, max-image-preview:large, max-video-preview:-1\" \/>\n<link rel=\"canonical\" href=\"https:\/\/destinocastillayleon.es\/index\/provincias\/cruzando-fronteras\/\" \/>\n<meta property=\"og:locale\" content=\"es_ES\" \/>\n<meta property=\"og:type\" content=\"article\" \/>\n<meta property=\"og:title\" content=\"Cruzando fronteras, tambi\u00e9n hacemos turismo fuera de nuestra regi\u00f3n\" \/>\n<meta property=\"og:description\" content=\"Acompa\u00f1anos a hacer turismo por otras regiones, cruzando fronteras y descubriendo otras experiencias s\u00faper interesantes a vivir. \u00bfTe vienes?\" \/>\n<meta property=\"og:url\" content=\"https:\/\/destinocastillayleon.es\/index\/provincias\/cruzando-fronteras\/\" \/>\n<meta property=\"og:site_name\" content=\"Destino Castilla y Le\u00f3n\" \/>\n<meta property=\"article:publisher\" content=\"https:\/\/www.facebook.com\/DestinoCastillaYLeon\/\" \/>\n<meta property=\"article:modified_time\" content=\"2015-06-15T17:53:37+00:00\" \/>\n<meta property=\"og:image\" content=\"https:\/\/destinocastillayleon.es\/index\/wp-content\/uploads\/2013\/06\/Portada-de-cruzando-fronteras.jpg\" \/>\n\t<meta property=\"og:image:width\" content=\"640\" \/>\n\t<meta property=\"og:image:height\" content=\"160\" \/>\n\t<meta property=\"og:image:type\" content=\"image\/jpeg\" \/>\n<meta name=\"twitter:card\" content=\"summary_large_image\" \/>\n<meta name=\"twitter:title\" content=\"Cruzando fronteras, tambi\u00e9n hacemos turismo fuera de nuestra regi\u00f3n\" \/>\n<meta name=\"twitter:description\" content=\"Acompa\u00f1anos a hacer turismo por otras regiones, cruzando fronteras y descubriendo otras experiencias s\u00faper interesantes a vivir. \u00bfTe vienes?\" \/>\n<meta name=\"twitter:image\" content=\"http:\/\/destinocastillayleon.es\/index\/wp-content\/uploads\/2013\/06\/Portada-de-cruzando-fronteras.jpg\" \/>\n<meta name=\"twitter:site\" content=\"@destinocyl\" \/>\n<script type=\"application\/ld+json\" class=\"yoast-schema-graph\">{\"@context\":\"https:\\\/\\\/schema.org\",\"@graph\":[{\"@type\":\"WebPage\",\"@id\":\"https:\\\/\\\/destinocastillayleon.es\\\/index\\\/provincias\\\/cruzando-fronteras\\\/\",\"url\":\"https:\\\/\\\/destinocastillayleon.es\\\/index\\\/provincias\\\/cruzando-fronteras\\\/\",\"name\":\"Cruzando fronteras, tambi\u00e9n hacemos turismo fuera de nuestra regi\u00f3n\",\"isPartOf\":{\"@id\":\"https:\\\/\\\/destinocastillayleon.es\\\/index\\\/#website\"},\"primaryImageOfPage\":{\"@id\":\"https:\\\/\\\/destinocastillayleon.es\\\/index\\\/provincias\\\/cruzando-fronteras\\\/#primaryimage\"},\"image\":{\"@id\":\"https:\\\/\\\/destinocastillayleon.es\\\/index\\\/provincias\\\/cruzando-fronteras\\\/#primaryimage\"},\"thumbnailUrl\":\"https:\\\/\\\/destinocastillayleon.es\\\/index\\\/wp-content\\\/uploads\\\/2013\\\/06\\\/Portada-de-cruzando-fronteras.jpg\",\"datePublished\":\"2013-06-08T12:08:35+00:00\",\"dateModified\":\"2015-06-15T17:53:37+00:00\",\"description\":\"Acompa\u00f1anos a hacer turismo por otras regiones, cruzando fronteras y descubriendo otras experiencias s\u00faper interesantes a vivir. \u00bfTe vienes?\",\"breadcrumb\":{\"@id\":\"https:\\\/\\\/destinocastillayleon.es\\\/index\\\/provincias\\\/cruzando-fronteras\\\/#breadcrumb\"},\"inLanguage\":\"es\",\"potentialAction\":[{\"@type\":\"ReadAction\",\"target\":[\"https:\\\/\\\/destinocastillayleon.es\\\/index\\\/provincias\\\/cruzando-fronteras\\\/\"]}]},{\"@type\":\"ImageObject\",\"inLanguage\":\"es\",\"@id\":\"https:\\\/\\\/destinocastillayleon.es\\\/index\\\/provincias\\\/cruzando-fronteras\\\/#primaryimage\",\"url\":\"https:\\\/\\\/destinocastillayleon.es\\\/index\\\/wp-content\\\/uploads\\\/2013\\\/06\\\/Portada-de-cruzando-fronteras.jpg\",\"contentUrl\":\"https:\\\/\\\/destinocastillayleon.es\\\/index\\\/wp-content\\\/uploads\\\/2013\\\/06\\\/Portada-de-cruzando-fronteras.jpg\",\"width\":640,\"height\":160},{\"@type\":\"BreadcrumbList\",\"@id\":\"https:\\\/\\\/destinocastillayleon.es\\\/index\\\/provincias\\\/cruzando-fronteras\\\/#breadcrumb\",\"itemListElement\":[{\"@type\":\"ListItem\",\"position\":1,\"name\":\"Portada\",\"item\":\"https:\\\/\\\/destinocastillayleon.es\\\/index\\\/\"},{\"@type\":\"ListItem\",\"position\":2,\"name\":\"Provincias\",\"item\":\"https:\\\/\\\/destinocastillayleon.es\\\/index\\\/provincias\\\/\"},{\"@type\":\"ListItem\",\"position\":3,\"name\":\"Cruzando fronteras\"}]},{\"@type\":\"WebSite\",\"@id\":\"https:\\\/\\\/destinocastillayleon.es\\\/index\\\/#website\",\"url\":\"https:\\\/\\\/destinocastillayleon.es\\\/index\\\/\",\"name\":\"Destino Castilla y Le\u00f3n\",\"description\":\"Medio digital independiente y revista de Castilla y Le\u00f3n dedicado al turismo, gastronom\u00eda y vino de Castilla y Le\u00f3n\",\"potentialAction\":[{\"@type\":\"SearchAction\",\"target\":{\"@type\":\"EntryPoint\",\"urlTemplate\":\"https:\\\/\\\/destinocastillayleon.es\\\/index\\\/?s={search_term_string}\"},\"query-input\":{\"@type\":\"PropertyValueSpecification\",\"valueRequired\":true,\"valueName\":\"search_term_string\"}}],\"inLanguage\":\"es\"}]}<\/script>\n<!-- \/ Yoast SEO Premium plugin. -->","yoast_head_json":{"title":"Cruzando fronteras, tambi\u00e9n hacemos turismo fuera de nuestra regi\u00f3n","description":"Acompa\u00f1anos a hacer turismo por otras regiones, cruzando fronteras y descubriendo otras experiencias s\u00faper interesantes a vivir. \u00bfTe vienes?","robots":{"index":"index","follow":"follow","max-snippet":"max-snippet:-1","max-image-preview":"max-image-preview:large","max-video-preview":"max-video-preview:-1"},"canonical":"https:\/\/destinocastillayleon.es\/index\/provincias\/cruzando-fronteras\/","og_locale":"es_ES","og_type":"article","og_title":"Cruzando fronteras, tambi\u00e9n hacemos turismo fuera de nuestra regi\u00f3n","og_description":"Acompa\u00f1anos a hacer turismo por otras regiones, cruzando fronteras y descubriendo otras experiencias s\u00faper interesantes a vivir. \u00bfTe vienes?","og_url":"https:\/\/destinocastillayleon.es\/index\/provincias\/cruzando-fronteras\/","og_site_name":"Destino Castilla y Le\u00f3n","article_publisher":"https:\/\/www.facebook.com\/DestinoCastillaYLeon\/","article_modified_time":"2015-06-15T17:53:37+00:00","og_image":[{"width":640,"height":160,"url":"https:\/\/destinocastillayleon.es\/index\/wp-content\/uploads\/2013\/06\/Portada-de-cruzando-fronteras.jpg","type":"image\/jpeg"}],"twitter_card":"summary_large_image","twitter_title":"Cruzando fronteras, tambi\u00e9n hacemos turismo fuera de nuestra regi\u00f3n","twitter_description":"Acompa\u00f1anos a hacer turismo por otras regiones, cruzando fronteras y descubriendo otras experiencias s\u00faper interesantes a vivir. \u00bfTe vienes?","twitter_image":"http:\/\/destinocastillayleon.es\/index\/wp-content\/uploads\/2013\/06\/Portada-de-cruzando-fronteras.jpg","twitter_site":"@destinocyl","schema":{"@context":"https:\/\/schema.org","@graph":[{"@type":"WebPage","@id":"https:\/\/destinocastillayleon.es\/index\/provincias\/cruzando-fronteras\/","url":"https:\/\/destinocastillayleon.es\/index\/provincias\/cruzando-fronteras\/","name":"Cruzando fronteras, tambi\u00e9n hacemos turismo fuera de nuestra regi\u00f3n","isPartOf":{"@id":"https:\/\/destinocastillayleon.es\/index\/#website"},"primaryImageOfPage":{"@id":"https:\/\/destinocastillayleon.es\/index\/provincias\/cruzando-fronteras\/#primaryimage"},"image":{"@id":"https:\/\/destinocastillayleon.es\/index\/provincias\/cruzando-fronteras\/#primaryimage"},"thumbnailUrl":"https:\/\/destinocastillayleon.es\/index\/wp-content\/uploads\/2013\/06\/Portada-de-cruzando-fronteras.jpg","datePublished":"2013-06-08T12:08:35+00:00","dateModified":"2015-06-15T17:53:37+00:00","description":"Acompa\u00f1anos a hacer turismo por otras regiones, cruzando fronteras y descubriendo otras experiencias s\u00faper interesantes a vivir. \u00bfTe vienes?","breadcrumb":{"@id":"https:\/\/destinocastillayleon.es\/index\/provincias\/cruzando-fronteras\/#breadcrumb"},"inLanguage":"es","potentialAction":[{"@type":"ReadAction","target":["https:\/\/destinocastillayleon.es\/index\/provincias\/cruzando-fronteras\/"]}]},{"@type":"ImageObject","inLanguage":"es","@id":"https:\/\/destinocastillayleon.es\/index\/provincias\/cruzando-fronteras\/#primaryimage","url":"https:\/\/destinocastillayleon.es\/index\/wp-content\/uploads\/2013\/06\/Portada-de-cruzando-fronteras.jpg","contentUrl":"https:\/\/destinocastillayleon.es\/index\/wp-content\/uploads\/2013\/06\/Portada-de-cruzando-fronteras.jpg","width":640,"height":160},{"@type":"BreadcrumbList","@id":"https:\/\/destinocastillayleon.es\/index\/provincias\/cruzando-fronteras\/#breadcrumb","itemListElement":[{"@type":"ListItem","position":1,"name":"Portada","item":"https:\/\/destinocastillayleon.es\/index\/"},{"@type":"ListItem","position":2,"name":"Provincias","item":"https:\/\/destinocastillayleon.es\/index\/provincias\/"},{"@type":"ListItem","position":3,"name":"Cruzando fronteras"}]},{"@type":"WebSite","@id":"https:\/\/destinocastillayleon.es\/index\/#website","url":"https:\/\/destinocastillayleon.es\/index\/","name":"Destino Castilla y Le\u00f3n","description":"Medio digital independiente y revista de Castilla y Le\u00f3n dedicado al turismo, gastronom\u00eda y vino de Castilla y Le\u00f3n","potentialAction":[{"@type":"SearchAction","target":{"@type":"EntryPoint","urlTemplate":"https:\/\/destinocastillayleon.es\/index\/?s={search_term_string}"},"query-input":{"@type":"PropertyValueSpecification","valueRequired":true,"valueName":"search_term_string"}}],"inLanguage":"es"}]}},"_links":{"self":[{"href":"https:\/\/destinocastillayleon.es\/index\/wp-json\/wp\/v2\/pages\/3440","targetHints":{"allow":["GET"]}}],"collection":[{"href":"https:\/\/destinocastillayleon.es\/index\/wp-json\/wp\/v2\/pages"}],"about":[{"href":"https:\/\/destinocastillayleon.es\/index\/wp-json\/wp\/v2\/types\/page"}],"author":[{"embeddable":true,"href":"https:\/\/destinocastillayleon.es\/index\/wp-json\/wp\/v2\/users\/9"}],"replies":[{"embeddable":true,"href":"https:\/\/destinocastillayleon.es\/index\/wp-json\/wp\/v2\/comments?post=3440"}],"version-history":[{"count":22,"href":"https:\/\/destinocastillayleon.es\/index\/wp-json\/wp\/v2\/pages\/3440\/revisions"}],"predecessor-version":[{"id":19443,"href":"https:\/\/destinocastillayleon.es\/index\/wp-json\/wp\/v2\/pages\/3440\/revisions\/19443"}],"up":[{"embeddable":true,"href":"https:\/\/destinocastillayleon.es\/index\/wp-json\/wp\/v2\/pages\/658"}],"wp:featuredmedia":[{"embeddable":true,"href":"https:\/\/destinocastillayleon.es\/index\/wp-json\/wp\/v2\/media\/6485"}],"wp:attachment":[{"href":"https:\/\/destinocastillayleon.es\/index\/wp-json\/wp\/v2\/media?parent=3440"}],"curies":[{"name":"wp","href":"https:\/\/api.w.org\/{rel}","templated":true}]}}