{"id":281,"date":"2013-01-27T11:04:22","date_gmt":"2013-01-27T11:04:22","guid":{"rendered":"http:\/\/destinocastillayleon.es\/index\/?page_id=281"},"modified":"2018-04-12T08:18:01","modified_gmt":"2018-04-12T06:18:01","slug":"avila","status":"publish","type":"page","link":"https:\/\/destinocastillayleon.es\/index\/provincias\/avila\/","title":{"rendered":"\u00c1vila"},"content":{"rendered":"<p>[vc_row][vc_column][vc_column_text]<\/p>\n<h2><a href=\"http:\/\/destinocastillayleon.es\/index\/provincias\/\" title=\"Regresar a Provincias\"><center>Descubre \u00c1vila y su provincia<\/center> <\/a><\/h2>\n<p>[\/vc_column_text][vc_empty_space][\/vc_column][\/vc_row][vc_row][vc_column width=\u00bb5\/6&#8243;][mnky_posts_grid grid_layout=\u00bbmpg-layout-6&#8243; label_hide=\u00bboff\u00bb cat_hide=\u00bboff\u00bb comments_hide=\u00bboff\u00bb views_hide=\u00bboff\u00bb post_format_hide=\u00bboff\u00bb post_format_text_hide=\u00bboff\u00bb no_duplicate=\u00bbyes\u00bb post_type=\u00bbpost\u00bb category_1=\u00bbavila\u00bb category_2=\u00bbavila-actualidad\u00bb category_3=\u00bbavila-turismo\u00bb category_4=\u00bbavila-gastronomia\u00bb][vc_empty_space][mnky_posts column_layout=\u00bbcolumn-count-3&#8243; content_type=\u00bbexcerpt\u00bb label_hide=\u00bboff\u00bb rating_hide=\u00bboff\u00bb cat_hide=\u00bboff\u00bb author_hide=\u00bboff\u00bb date_hide=\u00bboff\u00bb post_format_hide=\u00bboff\u00bb loop_content=\u00bbloop_content_on\u00bb no_duplicate=\u00bbyes\u00bb posts_per_page=\u00bb45&#8243; taxonomy=\u00bbcategory\u00bb el_id=\u00bb1523513840230-d067bbfc-408d\u00bb category=\u00bbavila, avila-actualidad, avila-gastronomia, avila-turismo\u00bb][\/vc_column][vc_column width=\u00bb1\/6&#8243;][vc_widget_sidebar sidebar_id=\u00bbcs-8&#8243;][\/vc_column][\/vc_row]<\/p>\n","protected":false},"excerpt":{"rendered":"<p>[vc_row][vc_column][vc_column_text] Descubre \u00c1vila y su provincia [\/vc_column_text][vc_empty_space][\/vc_column][\/vc_row][vc_row][vc_column width=\u00bb5\/6&#8243;][mnky_posts_grid grid_layout=\u00bbmpg-layout-6&#8243; label_hide=\u00bboff\u00bb cat_hide=\u00bboff\u00bb comments_hide=\u00bboff\u00bb views_hide=\u00bboff\u00bb post_format_hide=\u00bboff\u00bb post_format_text_hide=\u00bboff\u00bb no_duplicate=\u00bbyes\u00bb post_type=\u00bbpost\u00bb category_1=\u00bbavila\u00bb category_2=\u00bbavila-actualidad\u00bb category_3=\u00bbavila-turismo\u00bb category_4=\u00bbavila-gastronomia\u00bb][vc_empty_space][mnky_posts column_layout=\u00bbcolumn-count-3&#8243; content_type=\u00bbexcerpt\u00bb label_hide=\u00bboff\u00bb rating_hide=\u00bboff\u00bb cat_hide=\u00bboff\u00bb author_hide=\u00bboff\u00bb date_hide=\u00bboff\u00bb post_format_hide=\u00bboff\u00bb loop_content=\u00bbloop_content_on\u00bb no_duplicate=\u00bbyes\u00bb posts_per_page=\u00bb45&#8243; taxonomy=\u00bbcategory\u00bb el_id=\u00bb1523513840230-d067bbfc-408d\u00bb category=\u00bbavila, avila-actualidad, avila-gastronomia, avila-turismo\u00bb][\/vc_column][vc_column width=\u00bb1\/6&#8243;][vc_widget_sidebar sidebar_id=\u00bbcs-8&#8243;][\/vc_column][\/vc_row]<\/p>\n","protected":false},"author":2,"featured_media":5639,"parent":658,"menu_order":0,"comment_status":"open","ping_status":"closed","template":"","meta":{"rop_custom_images_group":[],"rop_custom_messages_group":[],"rop_publish_now":"initial","rop_publish_now_accounts":{"twitter_1150954226_1150954226":""},"rop_publish_now_history":[],"rop_publish_now_status":"pending","footnotes":""},"class_list":["post-281","page","type-page","status-publish","has-post-thumbnail","hentry"],"yoast_head":"<!-- This site is optimized with the Yoast SEO Premium plugin v20.4 (Yoast SEO v27.4) - https:\/\/yoast.com\/product\/yoast-seo-premium-wordpress\/ -->\n<title>Descubre nuestras mejores art\u00edculos sobre qu\u00e9 ver en \u00c1vila y provincia<\/title>\n<meta name=\"description\" content=\"Descubre las entradas de Destino Castilla y Le\u00f3n.es sobre \u00c1vila y provincia y conoce todo lo que no te debes perder si piensas visitar \u00c1vila\" \/>\n<meta name=\"robots\" content=\"index, follow, max-snippet:-1, max-image-preview:large, max-video-preview:-1\" \/>\n<link rel=\"canonical\" href=\"https:\/\/destinocastillayleon.es\/index\/provincias\/avila\/\" \/>\n<meta property=\"og:locale\" content=\"es_ES\" \/>\n<meta property=\"og:type\" content=\"article\" \/>\n<meta property=\"og:title\" content=\"\u00c1vila\" \/>\n<meta property=\"og:description\" content=\"Descubre las entradas de Destino Castilla y Le\u00f3n.es sobre \u00c1vila y provincia y conoce todo lo que no te debes perder si piensas visitar \u00c1vila\" \/>\n<meta property=\"og:url\" content=\"https:\/\/destinocastillayleon.es\/index\/provincias\/avila\/\" \/>\n<meta property=\"og:site_name\" content=\"Destino Castilla y Le\u00f3n\" \/>\n<meta property=\"article:publisher\" content=\"https:\/\/www.facebook.com\/DestinoCastillaYLeon\/\" \/>\n<meta property=\"article:modified_time\" content=\"2018-04-12T06:18:01+00:00\" \/>\n<meta property=\"og:image\" content=\"https:\/\/destinocastillayleon.es\/index\/wp-content\/uploads\/2013\/01\/Portada-Avila-02.jpg\" \/>\n\t<meta property=\"og:image:width\" content=\"600\" \/>\n\t<meta property=\"og:image:height\" content=\"150\" \/>\n\t<meta property=\"og:image:type\" content=\"image\/jpeg\" \/>\n<meta name=\"twitter:card\" content=\"summary_large_image\" \/>\n<meta name=\"twitter:site\" content=\"@destinocyl\" \/>\n<meta name=\"twitter:label1\" content=\"Tiempo de lectura\" \/>\n\t<meta name=\"twitter:data1\" content=\"1 minuto\" \/>\n<script type=\"application\/ld+json\" class=\"yoast-schema-graph\">{\"@context\":\"https:\\\/\\\/schema.org\",\"@graph\":[{\"@type\":\"WebPage\",\"@id\":\"https:\\\/\\\/destinocastillayleon.es\\\/index\\\/provincias\\\/avila\\\/\",\"url\":\"https:\\\/\\\/destinocastillayleon.es\\\/index\\\/provincias\\\/avila\\\/\",\"name\":\"Descubre nuestras mejores art\u00edculos sobre qu\u00e9 ver en \u00c1vila y provincia\",\"isPartOf\":{\"@id\":\"https:\\\/\\\/destinocastillayleon.es\\\/index\\\/#website\"},\"primaryImageOfPage\":{\"@id\":\"https:\\\/\\\/destinocastillayleon.es\\\/index\\\/provincias\\\/avila\\\/#primaryimage\"},\"image\":{\"@id\":\"https:\\\/\\\/destinocastillayleon.es\\\/index\\\/provincias\\\/avila\\\/#primaryimage\"},\"thumbnailUrl\":\"https:\\\/\\\/destinocastillayleon.es\\\/index\\\/wp-content\\\/uploads\\\/2013\\\/01\\\/Portada-Avila-02.jpg\",\"datePublished\":\"2013-01-27T11:04:22+00:00\",\"dateModified\":\"2018-04-12T06:18:01+00:00\",\"description\":\"Descubre las entradas de Destino Castilla y Le\u00f3n.es sobre \u00c1vila y provincia y conoce todo lo que no te debes perder si piensas visitar \u00c1vila\",\"breadcrumb\":{\"@id\":\"https:\\\/\\\/destinocastillayleon.es\\\/index\\\/provincias\\\/avila\\\/#breadcrumb\"},\"inLanguage\":\"es\",\"potentialAction\":[{\"@type\":\"ReadAction\",\"target\":[\"https:\\\/\\\/destinocastillayleon.es\\\/index\\\/provincias\\\/avila\\\/\"]}]},{\"@type\":\"ImageObject\",\"inLanguage\":\"es\",\"@id\":\"https:\\\/\\\/destinocastillayleon.es\\\/index\\\/provincias\\\/avila\\\/#primaryimage\",\"url\":\"https:\\\/\\\/destinocastillayleon.es\\\/index\\\/wp-content\\\/uploads\\\/2013\\\/01\\\/Portada-Avila-02.jpg\",\"contentUrl\":\"https:\\\/\\\/destinocastillayleon.es\\\/index\\\/wp-content\\\/uploads\\\/2013\\\/01\\\/Portada-Avila-02.jpg\",\"width\":600,\"height\":150},{\"@type\":\"BreadcrumbList\",\"@id\":\"https:\\\/\\\/destinocastillayleon.es\\\/index\\\/provincias\\\/avila\\\/#breadcrumb\",\"itemListElement\":[{\"@type\":\"ListItem\",\"position\":1,\"name\":\"Portada\",\"item\":\"https:\\\/\\\/destinocastillayleon.es\\\/index\\\/\"},{\"@type\":\"ListItem\",\"position\":2,\"name\":\"Provincias\",\"item\":\"https:\\\/\\\/destinocastillayleon.es\\\/index\\\/provincias\\\/\"},{\"@type\":\"ListItem\",\"position\":3,\"name\":\"\u00c1vila\"}]},{\"@type\":\"WebSite\",\"@id\":\"https:\\\/\\\/destinocastillayleon.es\\\/index\\\/#website\",\"url\":\"https:\\\/\\\/destinocastillayleon.es\\\/index\\\/\",\"name\":\"Destino Castilla y Le\u00f3n\",\"description\":\"Medio digital independiente y revista de Castilla y Le\u00f3n dedicado al turismo, gastronom\u00eda y vino de Castilla y Le\u00f3n\",\"potentialAction\":[{\"@type\":\"SearchAction\",\"target\":{\"@type\":\"EntryPoint\",\"urlTemplate\":\"https:\\\/\\\/destinocastillayleon.es\\\/index\\\/?s={search_term_string}\"},\"query-input\":{\"@type\":\"PropertyValueSpecification\",\"valueRequired\":true,\"valueName\":\"search_term_string\"}}],\"inLanguage\":\"es\"}]}<\/script>\n<!-- \/ Yoast SEO Premium plugin. -->","yoast_head_json":{"title":"Descubre nuestras mejores art\u00edculos sobre qu\u00e9 ver en \u00c1vila y provincia","description":"Descubre las entradas de Destino Castilla y Le\u00f3n.es sobre \u00c1vila y provincia y conoce todo lo que no te debes perder si piensas visitar \u00c1vila","robots":{"index":"index","follow":"follow","max-snippet":"max-snippet:-1","max-image-preview":"max-image-preview:large","max-video-preview":"max-video-preview:-1"},"canonical":"https:\/\/destinocastillayleon.es\/index\/provincias\/avila\/","og_locale":"es_ES","og_type":"article","og_title":"\u00c1vila","og_description":"Descubre las entradas de Destino Castilla y Le\u00f3n.es sobre \u00c1vila y provincia y conoce todo lo que no te debes perder si piensas visitar \u00c1vila","og_url":"https:\/\/destinocastillayleon.es\/index\/provincias\/avila\/","og_site_name":"Destino Castilla y Le\u00f3n","article_publisher":"https:\/\/www.facebook.com\/DestinoCastillaYLeon\/","article_modified_time":"2018-04-12T06:18:01+00:00","og_image":[{"width":600,"height":150,"url":"https:\/\/destinocastillayleon.es\/index\/wp-content\/uploads\/2013\/01\/Portada-Avila-02.jpg","type":"image\/jpeg"}],"twitter_card":"summary_large_image","twitter_site":"@destinocyl","twitter_misc":{"Tiempo de lectura":"1 minuto"},"schema":{"@context":"https:\/\/schema.org","@graph":[{"@type":"WebPage","@id":"https:\/\/destinocastillayleon.es\/index\/provincias\/avila\/","url":"https:\/\/destinocastillayleon.es\/index\/provincias\/avila\/","name":"Descubre nuestras mejores art\u00edculos sobre qu\u00e9 ver en \u00c1vila y provincia","isPartOf":{"@id":"https:\/\/destinocastillayleon.es\/index\/#website"},"primaryImageOfPage":{"@id":"https:\/\/destinocastillayleon.es\/index\/provincias\/avila\/#primaryimage"},"image":{"@id":"https:\/\/destinocastillayleon.es\/index\/provincias\/avila\/#primaryimage"},"thumbnailUrl":"https:\/\/destinocastillayleon.es\/index\/wp-content\/uploads\/2013\/01\/Portada-Avila-02.jpg","datePublished":"2013-01-27T11:04:22+00:00","dateModified":"2018-04-12T06:18:01+00:00","description":"Descubre las entradas de Destino Castilla y Le\u00f3n.es sobre \u00c1vila y provincia y conoce todo lo que no te debes perder si piensas visitar \u00c1vila","breadcrumb":{"@id":"https:\/\/destinocastillayleon.es\/index\/provincias\/avila\/#breadcrumb"},"inLanguage":"es","potentialAction":[{"@type":"ReadAction","target":["https:\/\/destinocastillayleon.es\/index\/provincias\/avila\/"]}]},{"@type":"ImageObject","inLanguage":"es","@id":"https:\/\/destinocastillayleon.es\/index\/provincias\/avila\/#primaryimage","url":"https:\/\/destinocastillayleon.es\/index\/wp-content\/uploads\/2013\/01\/Portada-Avila-02.jpg","contentUrl":"https:\/\/destinocastillayleon.es\/index\/wp-content\/uploads\/2013\/01\/Portada-Avila-02.jpg","width":600,"height":150},{"@type":"BreadcrumbList","@id":"https:\/\/destinocastillayleon.es\/index\/provincias\/avila\/#breadcrumb","itemListElement":[{"@type":"ListItem","position":1,"name":"Portada","item":"https:\/\/destinocastillayleon.es\/index\/"},{"@type":"ListItem","position":2,"name":"Provincias","item":"https:\/\/destinocastillayleon.es\/index\/provincias\/"},{"@type":"ListItem","position":3,"name":"\u00c1vila"}]},{"@type":"WebSite","@id":"https:\/\/destinocastillayleon.es\/index\/#website","url":"https:\/\/destinocastillayleon.es\/index\/","name":"Destino Castilla y Le\u00f3n","description":"Medio digital independiente y revista de Castilla y Le\u00f3n dedicado al turismo, gastronom\u00eda y vino de Castilla y Le\u00f3n","potentialAction":[{"@type":"SearchAction","target":{"@type":"EntryPoint","urlTemplate":"https:\/\/destinocastillayleon.es\/index\/?s={search_term_string}"},"query-input":{"@type":"PropertyValueSpecification","valueRequired":true,"valueName":"search_term_string"}}],"inLanguage":"es"}]}},"_links":{"self":[{"href":"https:\/\/destinocastillayleon.es\/index\/wp-json\/wp\/v2\/pages\/281","targetHints":{"allow":["GET"]}}],"collection":[{"href":"https:\/\/destinocastillayleon.es\/index\/wp-json\/wp\/v2\/pages"}],"about":[{"href":"https:\/\/destinocastillayleon.es\/index\/wp-json\/wp\/v2\/types\/page"}],"author":[{"embeddable":true,"href":"https:\/\/destinocastillayleon.es\/index\/wp-json\/wp\/v2\/users\/2"}],"replies":[{"embeddable":true,"href":"https:\/\/destinocastillayleon.es\/index\/wp-json\/wp\/v2\/comments?post=281"}],"version-history":[{"count":43,"href":"https:\/\/destinocastillayleon.es\/index\/wp-json\/wp\/v2\/pages\/281\/revisions"}],"predecessor-version":[{"id":27902,"href":"https:\/\/destinocastillayleon.es\/index\/wp-json\/wp\/v2\/pages\/281\/revisions\/27902"}],"up":[{"embeddable":true,"href":"https:\/\/destinocastillayleon.es\/index\/wp-json\/wp\/v2\/pages\/658"}],"wp:featuredmedia":[{"embeddable":true,"href":"https:\/\/destinocastillayleon.es\/index\/wp-json\/wp\/v2\/media\/5639"}],"wp:attachment":[{"href":"https:\/\/destinocastillayleon.es\/index\/wp-json\/wp\/v2\/media?parent=281"}],"curies":[{"name":"wp","href":"https:\/\/api.w.org\/{rel}","templated":true}]}}

Ávila

<p>[vc_row][vc_column][vc_column_text]</p>
<h2><a href="http://destinocastillayleon.es/index/provincias/" title="Regresar a Provincias"><center>Descubre Ávila y su provincia</center> </a></h2>
<p>[/vc_column_text][vc_empty_space][/vc_column][/vc_row][vc_row][vc_column width=»5/6&#8243;][mnky_posts_grid grid_layout=»mpg-layout-6&#8243; label_hide=»off» cat_hide=»off» comments_hide=»off» views_hide=»off» post_format_hide=»off» post_format_text_hide=»off» no_duplicate=»yes» post_type=»post» category_1=»avila» category_2=»avila-actualidad» category_3=»avila-turismo» category_4=»avila-gastronomia»][vc_empty_space][mnky_posts column_layout=»column-count-3&#8243; content_type=»excerpt» label_hide=»off» rating_hide=»off» cat_hide=»off» author_hide=»off» date_hide=»off» post_format_hide=»off» loop_content=»loop_content_on» no_duplicate=»yes» posts_per_page=»45&#8243; taxonomy=»category» el_id=»1523513840230-d067bbfc-408d» category=»avila, avila-actualidad, avila-gastronomia, avila-turismo»][/vc_column][vc_column width=»1/6&#8243;][vc_widget_sidebar sidebar_id=»cs-8&#8243;][/vc_column][/vc_row]</p>

<p>[vc_row][vc_column][vc_column_text] Descubre Ávila y su provincia [/vc_column_text][vc_empty_space][/vc_column][/vc_row][vc_row][vc_column width=»5/6&#8243;][mnky_posts_grid grid_layout=»mpg-layout-6&#8243; label_hide=»off» cat_hide=»off» comments_hide=»off» views_hide=»off» post_format_hide=»off» post_format_text_hide=»off» no_duplicate=»yes» post_type=»post» category_1=»avila» category_2=»avila-actualidad» category_3=»avila-turismo» category_4=»avila-gastronomia»][vc_empty_space][mnky_posts column_layout=»column-count-3&#8243; content_type=»excerpt» label_hide=»off» rating_hide=»off» cat_hide=»off» author_hide=»off» date_hide=»off» post_format_hide=»off» loop_content=»loop_content_on» no_duplicate=»yes» posts_per_page=»45&#8243; taxonomy=»category» el_id=»1523513840230-d067bbfc-408d» category=»avila, avila-actualidad, avila-gastronomia, avila-turismo»][/vc_column][vc_column width=»1/6&#8243;][vc_widget_sidebar sidebar_id=»cs-8&#8243;][/vc_column][/vc_row]</p>

<!-- This site is optimized with the Yoast SEO Premium plugin v20.4 (Yoast SEO v27.4) - https://yoast.com/product/yoast-seo-premium-wordpress/ -->
<title>Descubre nuestras mejores artículos sobre qué ver en Ávila y provincia</title>
<meta name="description" content="Descubre las entradas de Destino Castilla y León.es sobre Ávila y provincia y conoce todo lo que no te debes perder si piensas visitar Ávila" />
<meta name="robots" content="index, follow, max-snippet:-1, max-image-preview:large, max-video-preview:-1" />
<link rel="canonical" href="https://destinocastillayleon.es/index/provincias/avila/" />
<meta property="og:locale" content="es_ES" />
<meta property="og:type" content="article" />
<meta property="og:title" content="Ávila" />
<meta property="og:description" content="Descubre las entradas de Destino Castilla y León.es sobre Ávila y provincia y conoce todo lo que no te debes perder si piensas visitar Ávila" />
<meta property="og:url" content="https://destinocastillayleon.es/index/provincias/avila/" />
<meta property="og:site_name" content="Destino Castilla y León" />
<meta property="article:publisher" content="https://www.facebook.com/DestinoCastillaYLeon/" />
<meta property="article:modified_time" content="2018-04-12T06:18:01+00:00" />
<meta property="og:image" content="https://destinocastillayleon.es/index/wp-content/uploads/2013/01/Portada-Avila-02.jpg" />
	<meta property="og:image:width" content="600" />
	<meta property="og:image:height" content="150" />
	<meta property="og:image:type" content="image/jpeg" />
<meta name="twitter:card" content="summary_large_image" />
<meta name="twitter:site" content="@destinocyl" />
<meta name="twitter:label1" content="Tiempo de lectura" />
	<meta name="twitter:data1" content="1 minuto" />
<script type="application/ld+json" class="yoast-schema-graph">{"@context":"https:\/\/schema.org","@graph":[{"@type":"WebPage","@id":"https:\/\/destinocastillayleon.es\/index\/provincias\/avila\/","url":"https:\/\/destinocastillayleon.es\/index\/provincias\/avila\/","name":"Descubre nuestras mejores artículos sobre qué ver en Ávila y provincia","isPartOf":{"@id":"https:\/\/destinocastillayleon.es\/index\/#website"},"primaryImageOfPage":{"@id":"https:\/\/destinocastillayleon.es\/index\/provincias\/avila\/#primaryimage"},"image":{"@id":"https:\/\/destinocastillayleon.es\/index\/provincias\/avila\/#primaryimage"},"thumbnailUrl":"https:\/\/destinocastillayleon.es\/index\/wp-content\/uploads\/2013\/01\/Portada-Avila-02.jpg","datePublished":"2013-01-27T11:04:22+00:00","dateModified":"2018-04-12T06:18:01+00:00","description":"Descubre las entradas de Destino Castilla y León.es sobre Ávila y provincia y conoce todo lo que no te debes perder si piensas visitar Ávila","breadcrumb":{"@id":"https:\/\/destinocastillayleon.es\/index\/provincias\/avila\/#breadcrumb"},"inLanguage":"es","potentialAction":[{"@type":"ReadAction","target":["https:\/\/destinocastillayleon.es\/index\/provincias\/avila\/"]}]},{"@type":"ImageObject","inLanguage":"es","@id":"https:\/\/destinocastillayleon.es\/index\/provincias\/avila\/#primaryimage","url":"https:\/\/destinocastillayleon.es\/index\/wp-content\/uploads\/2013\/01\/Portada-Avila-02.jpg","contentUrl":"https:\/\/destinocastillayleon.es\/index\/wp-content\/uploads\/2013\/01\/Portada-Avila-02.jpg","width":600,"height":150},{"@type":"BreadcrumbList","@id":"https:\/\/destinocastillayleon.es\/index\/provincias\/avila\/#breadcrumb","itemListElement":[{"@type":"ListItem","position":1,"name":"Portada","item":"https:\/\/destinocastillayleon.es\/index\/"},{"@type":"ListItem","position":2,"name":"Provincias","item":"https:\/\/destinocastillayleon.es\/index\/provincias\/"},{"@type":"ListItem","position":3,"name":"Ávila"}]},{"@type":"WebSite","@id":"https:\/\/destinocastillayleon.es\/index\/#website","url":"https:\/\/destinocastillayleon.es\/index\/","name":"Destino Castilla y León","description":"Medio digital independiente y revista de Castilla y León dedicado al turismo, gastronomía y vino de Castilla y León","potentialAction":[{"@type":"SearchAction","target":{"@type":"EntryPoint","urlTemplate":"https:\/\/destinocastillayleon.es\/index\/?s={search_term_string}"},"query-input":{"@type":"PropertyValueSpecification","valueRequired":true,"valueName":"search_term_string"}}],"inLanguage":"es"}]}</script>
<!-- / Yoast SEO Premium plugin. -->

Descubre nuestras mejores artículos sobre qué ver en Ávila y provincia

Descubre las entradas de Destino Castilla y León.es sobre Ávila y provincia y conoce todo lo que no te debes perder si piensas visitar Ávila

Destino Castilla y León

Medio digital independiente y revista de Castilla y León dedicado al turismo, gastronomía y vino de Castilla y León
