{"id":19885,"date":"2015-08-12T19:33:51","date_gmt":"2015-08-12T17:33:51","guid":{"rendered":"http:\/\/destinocastillayleon.es\/index\/?page_id=19885"},"modified":"2018-08-22T23:14:49","modified_gmt":"2018-08-22T21:14:49","slug":"turismo-enologico","status":"publish","type":"page","link":"https:\/\/destinocastillayleon.es\/index\/turismo-enologico\/","title":{"rendered":"Turismo enol\u00f3gico"},"content":{"rendered":"<p>[vc_row][vc_column width=\u00bb5\/6&#8243;][mnky_posts_grid grid_layout=\u00bbmpg-layout-6&#8243; label_hide=\u00bboff\u00bb cat_hide=\u00bboff\u00bb comments_hide=\u00bboff\u00bb views_hide=\u00bboff\u00bb post_format_hide=\u00bboff\u00bb post_format_text_hide=\u00bboff\u00bb no_duplicate=\u00bbyes\u00bb post_type=\u00bbpost\u00bb category_1=\u00bbaprendiendo_de_vinos\u00bb category_2=\u00bbvisitando_bodegas\u00bb category_3=\u00bbcatando-vinos\u00bb category_4=\u00bbcatando-vinos\u00bb][vc_empty_space][mnky_posts column_layout=\u00bbcolumn-count-3&#8243; label_hide=\u00bboff\u00bb rating_hide=\u00bboff\u00bb cat_hide=\u00bboff\u00bb author_hide=\u00bboff\u00bb date_hide=\u00bboff\u00bb comments_hide=\u00bboff\u00bb views_hide=\u00bboff\u00bb post_format_hide=\u00bboff\u00bb no_duplicate=\u00bbyes\u00bb posts_per_page=\u00bb36&#8243; taxonomy=\u00bbcategory\u00bb el_id=\u00bb1534971346788-c3dd4d72-4b2e\u00bb category=\u00bbaprendiendo_de_vinos, catando-vinos, vino_blanco, vino_espumoso, vino_rosado, vino_tinto, visitando_bodegas\u00bb][\/vc_column][vc_column width=\u00bb1\/6&#8243;][vc_widget_sidebar sidebar_id=\u00bbcs-11&#8243;][\/vc_column][\/vc_row]<\/p>\n","protected":false},"excerpt":{"rendered":"<p>[vc_row][vc_column width=\u00bb5\/6&#8243;][mnky_posts_grid grid_layout=\u00bbmpg-layout-6&#8243; label_hide=\u00bboff\u00bb cat_hide=\u00bboff\u00bb comments_hide=\u00bboff\u00bb views_hide=\u00bboff\u00bb post_format_hide=\u00bboff\u00bb post_format_text_hide=\u00bboff\u00bb no_duplicate=\u00bbyes\u00bb post_type=\u00bbpost\u00bb category_1=\u00bbaprendiendo_de_vinos\u00bb category_2=\u00bbvisitando_bodegas\u00bb category_3=\u00bbcatando-vinos\u00bb category_4=\u00bbcatando-vinos\u00bb][vc_empty_space][mnky_posts column_layout=\u00bbcolumn-count-3&#8243; label_hide=\u00bboff\u00bb rating_hide=\u00bboff\u00bb cat_hide=\u00bboff\u00bb author_hide=\u00bboff\u00bb date_hide=\u00bboff\u00bb comments_hide=\u00bboff\u00bb views_hide=\u00bboff\u00bb post_format_hide=\u00bboff\u00bb no_duplicate=\u00bbyes\u00bb posts_per_page=\u00bb36&#8243; taxonomy=\u00bbcategory\u00bb el_id=\u00bb1534971346788-c3dd4d72-4b2e\u00bb category=\u00bbaprendiendo_de_vinos, catando-vinos, vino_blanco, vino_espumoso, vino_rosado, vino_tinto, visitando_bodegas\u00bb][\/vc_column][vc_column width=\u00bb1\/6&#8243;][vc_widget_sidebar sidebar_id=\u00bbcs-11&#8243;][\/vc_column][\/vc_row]<\/p>\n","protected":false},"author":2,"featured_media":0,"parent":0,"menu_order":0,"comment_status":"open","ping_status":"closed","template":"","meta":{"footnotes":""},"class_list":["post-19885","page","type-page","status-publish","hentry"],"yoast_head":"<!-- This site is optimized with the Yoast SEO Premium plugin v20.4 (Yoast SEO v20.4) - https:\/\/yoast.com\/wordpress\/plugins\/seo\/ -->\n<title>Conoce propuestas de turismo enol\u00f3gico en Castilla y Le\u00f3n<\/title>\n<meta name=\"description\" content=\"Destino Castilla y Le\u00f3n te ayuda a conocer las mejores propuestas de turismo enol\u00f3gico en Castilla y Le\u00f3n. Conoce nuestras experiencias de enoturismo\" \/>\n<meta name=\"robots\" content=\"index, follow, max-snippet:-1, max-image-preview:large, max-video-preview:-1\" \/>\n<link rel=\"canonical\" href=\"https:\/\/destinocastillayleon.es\/index\/turismo-enologico\/\" \/>\n<meta property=\"og:locale\" content=\"es_ES\" \/>\n<meta property=\"og:type\" content=\"article\" \/>\n<meta property=\"og:title\" content=\"Conoce propuestas de turismo enol\u00f3gico en Castilla y Le\u00f3n\" \/>\n<meta property=\"og:description\" content=\"Destino Castilla y Le\u00f3n te ayuda a conocer las mejores propuestas de turismo enol\u00f3gico en Castilla y Le\u00f3n. Conoce nuestras experiencias de enoturismo\" \/>\n<meta property=\"og:url\" content=\"https:\/\/destinocastillayleon.es\/index\/turismo-enologico\/\" \/>\n<meta property=\"og:site_name\" content=\"Destino Castilla y Le\u00f3n\" \/>\n<meta property=\"article:publisher\" content=\"https:\/\/www.facebook.com\/DestinoCastillaYLeon\/\" \/>\n<meta property=\"article:modified_time\" content=\"2018-08-22T21:14:49+00:00\" \/>\n<meta property=\"og:image\" content=\"https:\/\/destinocastillayleon.es\/index\/wp-content\/uploads\/2013\/11\/enoturismo.jpg\" \/>\n\t<meta property=\"og:image:width\" content=\"796\" \/>\n\t<meta property=\"og:image:height\" content=\"531\" \/>\n\t<meta property=\"og:image:type\" content=\"image\/jpeg\" \/>\n<meta name=\"twitter:card\" content=\"summary_large_image\" \/>\n<meta name=\"twitter:title\" content=\"Conoce propuestas de turismo enol\u00f3gico en Castilla y Le\u00f3n\" \/>\n<meta name=\"twitter:description\" content=\"Destino Castilla y Le\u00f3n te ayuda a conocer las mejores propuestas de turismo enol\u00f3gico en Castilla y Le\u00f3n. Conoce nuestras experiencias de enoturismo\" \/>\n<meta name=\"twitter:image\" content=\"http:\/\/destinocastillayleon.es\/index\/wp-content\/uploads\/2013\/11\/enoturismo-1024x682.jpg\" \/>\n<meta name=\"twitter:site\" content=\"@destinocyl\" \/>\n<meta name=\"twitter:label1\" content=\"Tiempo de lectura\" \/>\n\t<meta name=\"twitter:data1\" content=\"1 minuto\" \/>\n<script type=\"application\/ld+json\" class=\"yoast-schema-graph\">{\"@context\":\"https:\/\/schema.org\",\"@graph\":[{\"@type\":\"WebPage\",\"@id\":\"https:\/\/destinocastillayleon.es\/index\/turismo-enologico\/\",\"url\":\"https:\/\/destinocastillayleon.es\/index\/turismo-enologico\/\",\"name\":\"Conoce propuestas de turismo enol\u00f3gico en Castilla y Le\u00f3n\",\"isPartOf\":{\"@id\":\"https:\/\/destinocastillayleon.es\/index\/#website\"},\"datePublished\":\"2015-08-12T17:33:51+00:00\",\"dateModified\":\"2018-08-22T21:14:49+00:00\",\"description\":\"Destino Castilla y Le\u00f3n te ayuda a conocer las mejores propuestas de turismo enol\u00f3gico en Castilla y Le\u00f3n. Conoce nuestras experiencias de enoturismo\",\"breadcrumb\":{\"@id\":\"https:\/\/destinocastillayleon.es\/index\/turismo-enologico\/#breadcrumb\"},\"inLanguage\":\"es\",\"potentialAction\":[{\"@type\":\"ReadAction\",\"target\":[\"https:\/\/destinocastillayleon.es\/index\/turismo-enologico\/\"]}]},{\"@type\":\"BreadcrumbList\",\"@id\":\"https:\/\/destinocastillayleon.es\/index\/turismo-enologico\/#breadcrumb\",\"itemListElement\":[{\"@type\":\"ListItem\",\"position\":1,\"name\":\"Portada\",\"item\":\"https:\/\/destinocastillayleon.es\/index\/\"},{\"@type\":\"ListItem\",\"position\":2,\"name\":\"Turismo enol\u00f3gico\"}]},{\"@type\":\"WebSite\",\"@id\":\"https:\/\/destinocastillayleon.es\/index\/#website\",\"url\":\"https:\/\/destinocastillayleon.es\/index\/\",\"name\":\"Destino Castilla y Le\u00f3n\",\"description\":\"Medio digital independiente y revista de Castilla y Le\u00f3n dedicado al turismo, gastronom\u00eda y vino de Castilla y Le\u00f3n\",\"potentialAction\":[{\"@type\":\"SearchAction\",\"target\":{\"@type\":\"EntryPoint\",\"urlTemplate\":\"https:\/\/destinocastillayleon.es\/index\/?s={search_term_string}\"},\"query-input\":\"required name=search_term_string\"}],\"inLanguage\":\"es\"}]}<\/script>\n<!-- \/ Yoast SEO Premium plugin. -->","yoast_head_json":{"title":"Conoce propuestas de turismo enol\u00f3gico en Castilla y Le\u00f3n","description":"Destino Castilla y Le\u00f3n te ayuda a conocer las mejores propuestas de turismo enol\u00f3gico en Castilla y Le\u00f3n. Conoce nuestras experiencias de enoturismo","robots":{"index":"index","follow":"follow","max-snippet":"max-snippet:-1","max-image-preview":"max-image-preview:large","max-video-preview":"max-video-preview:-1"},"canonical":"https:\/\/destinocastillayleon.es\/index\/turismo-enologico\/","og_locale":"es_ES","og_type":"article","og_title":"Conoce propuestas de turismo enol\u00f3gico en Castilla y Le\u00f3n","og_description":"Destino Castilla y Le\u00f3n te ayuda a conocer las mejores propuestas de turismo enol\u00f3gico en Castilla y Le\u00f3n. Conoce nuestras experiencias de enoturismo","og_url":"https:\/\/destinocastillayleon.es\/index\/turismo-enologico\/","og_site_name":"Destino Castilla y Le\u00f3n","article_publisher":"https:\/\/www.facebook.com\/DestinoCastillaYLeon\/","article_modified_time":"2018-08-22T21:14:49+00:00","og_image":[{"width":796,"height":531,"url":"https:\/\/destinocastillayleon.es\/index\/wp-content\/uploads\/2013\/11\/enoturismo.jpg","type":"image\/jpeg"}],"twitter_card":"summary_large_image","twitter_title":"Conoce propuestas de turismo enol\u00f3gico en Castilla y Le\u00f3n","twitter_description":"Destino Castilla y Le\u00f3n te ayuda a conocer las mejores propuestas de turismo enol\u00f3gico en Castilla y Le\u00f3n. Conoce nuestras experiencias de enoturismo","twitter_image":"http:\/\/destinocastillayleon.es\/index\/wp-content\/uploads\/2013\/11\/enoturismo-1024x682.jpg","twitter_site":"@destinocyl","twitter_misc":{"Tiempo de lectura":"1 minuto"},"schema":{"@context":"https:\/\/schema.org","@graph":[{"@type":"WebPage","@id":"https:\/\/destinocastillayleon.es\/index\/turismo-enologico\/","url":"https:\/\/destinocastillayleon.es\/index\/turismo-enologico\/","name":"Conoce propuestas de turismo enol\u00f3gico en Castilla y Le\u00f3n","isPartOf":{"@id":"https:\/\/destinocastillayleon.es\/index\/#website"},"datePublished":"2015-08-12T17:33:51+00:00","dateModified":"2018-08-22T21:14:49+00:00","description":"Destino Castilla y Le\u00f3n te ayuda a conocer las mejores propuestas de turismo enol\u00f3gico en Castilla y Le\u00f3n. Conoce nuestras experiencias de enoturismo","breadcrumb":{"@id":"https:\/\/destinocastillayleon.es\/index\/turismo-enologico\/#breadcrumb"},"inLanguage":"es","potentialAction":[{"@type":"ReadAction","target":["https:\/\/destinocastillayleon.es\/index\/turismo-enologico\/"]}]},{"@type":"BreadcrumbList","@id":"https:\/\/destinocastillayleon.es\/index\/turismo-enologico\/#breadcrumb","itemListElement":[{"@type":"ListItem","position":1,"name":"Portada","item":"https:\/\/destinocastillayleon.es\/index\/"},{"@type":"ListItem","position":2,"name":"Turismo enol\u00f3gico"}]},{"@type":"WebSite","@id":"https:\/\/destinocastillayleon.es\/index\/#website","url":"https:\/\/destinocastillayleon.es\/index\/","name":"Destino Castilla y Le\u00f3n","description":"Medio digital independiente y revista de Castilla y Le\u00f3n dedicado al turismo, gastronom\u00eda y vino de Castilla y Le\u00f3n","potentialAction":[{"@type":"SearchAction","target":{"@type":"EntryPoint","urlTemplate":"https:\/\/destinocastillayleon.es\/index\/?s={search_term_string}"},"query-input":"required name=search_term_string"}],"inLanguage":"es"}]}},"_links":{"self":[{"href":"https:\/\/destinocastillayleon.es\/index\/wp-json\/wp\/v2\/pages\/19885","targetHints":{"allow":["GET"]}}],"collection":[{"href":"https:\/\/destinocastillayleon.es\/index\/wp-json\/wp\/v2\/pages"}],"about":[{"href":"https:\/\/destinocastillayleon.es\/index\/wp-json\/wp\/v2\/types\/page"}],"author":[{"embeddable":true,"href":"https:\/\/destinocastillayleon.es\/index\/wp-json\/wp\/v2\/users\/2"}],"replies":[{"embeddable":true,"href":"https:\/\/destinocastillayleon.es\/index\/wp-json\/wp\/v2\/comments?post=19885"}],"version-history":[{"count":5,"href":"https:\/\/destinocastillayleon.es\/index\/wp-json\/wp\/v2\/pages\/19885\/revisions"}],"predecessor-version":[{"id":28731,"href":"https:\/\/destinocastillayleon.es\/index\/wp-json\/wp\/v2\/pages\/19885\/revisions\/28731"}],"wp:attachment":[{"href":"https:\/\/destinocastillayleon.es\/index\/wp-json\/wp\/v2\/media?parent=19885"}],"curies":[{"name":"wp","href":"https:\/\/api.w.org\/{rel}","templated":true}]}}